digit of 1/((-1)/(-2)) + 138 + -26?
1
Let k = -108 + 902. What is the hundreds digit of k?
7
Suppose -5*h + 192 = 3*n, -h = -0*n - 3*n - 24. Suppose 3*w - 2*l + h = 0, -3*l + 67 = -5*w + 8. What is the tens digit of 2112/55 - (-4)/w?
3
Let u(g) = 22*g - 5. Let q(n) = -21*n + 4. Let r(h) = 4*q(h) + 6*u(h). What is the tens digit of r(6)?
7
Let o be 27 + -7 - (0 - 0). Let s = o - 17. Suppose -3*j = -3*u - s - 54, 38 = 2*j - u. What is the tens digit of j?
1
Suppose -t + 15 = 5*y, 5*t + 3*y - 55 = -2*y. Suppose 7*w - 2*w = t. What is the units digit of (-11 + 63)*2/w?
2
Suppose -4*l + 465 = 349. What is the units digit of l?
9
Let s(c) be the second derivative of -c**5/20 + c**4/12 + c**3/2 - 3*c**2 - 6*c. What is the units digit of s(-4)?
2
Let h(u) = 73*u**2 + 22*u + 23. What is the hundreds digit of h(4)?
2
Let t be 36/(-9) + 100 + 1. What is the units digit of 1/2 - t*(-5)/10?
9
Let k be 5/(2*(-15)/(-12)). Suppose k*h + 42 = 148. What is the units digit of h?
3
Let c(f) = 2*f**2 + 5*f + 3. Let m be c(-4). Suppose -19*p = -m*p. Suppose -6*n + 93 + 177 = p. What is the units digit of n?
5
Let u(s) = 28*s + 23. Let o be u(-3). Let p = o - -147. What is the tens digit of p?
8
Suppose 74006 + 14662 = 18*r. What is the thousands digit of r?
4
Suppose h - 4*l = -10, -5*h - 4*l = -0*h - 22. Let g be ((-4)/(-2) - 0) + 61. Suppose -g = -h*y + 3*j, -3*y - 4*j = -8*y + 147. What is the units digit of y?
7
What is the thousands digit of (-2)/14 - (-19 - 416247/91)?
4
Let z = 16 + -26. Let b = 10 + z. Let o(g) = g**3 - g**2 - g + 6. What is the units digit of o(b)?
6
Let s be -1 - (-5)/((-25)/(-15)). Suppose -71 = 5*n + 4*v, 12 = -n + s*v - 5*v. Let o(m) = m**3 + 15*m**2 - 2*m + 10. What is the tens digit of o(n)?
4
Let v be (-4 + -1)/5 + -14. What is the units digit of (-53)/(3*5/v)?
3
What is the tens digit of (-44)/220 - (-2746)/5?
4
Let p = -4 - -6. Suppose -p*k - 3*k + 14 = 4*v, 8 = 5*k - 2*v. Suppose 0*t = -5*t + k*c + 205, 5*t = -4*c + 175. What is the units digit of t?
9
Let h(s) = -5 + 16 - 12*s + 6*s**2 + 4*s**2. Let p(v) = v**2 - v + 1. Let i(y) = 2*h(y) - 18*p(y). What is the tens digit of i(4)?
1
Let b be (6/10)/(3/(-45)). What is the tens digit of (15/b)/(-2 - 92/(-48))?
2
Let z(y) = y**3 + 5*y**2 - 8*y - 4. Let m = -18 + 13. What is the tens digit of z(m)?
3
Suppose -25 = -2*w - a, 5*a - 13 = -w + 4. What is the tens digit of (w/(-9))/(((-4)/(-150))/(-1))?
5
Let h(r) be the first derivative of r**3/6 - 5*r + 8. Let t(s) be the first derivative of h(s). What is the units digit of t(4)?
4
Suppose 15821 + 3187 = 8*j. What is the units digit of j?
6
Let i be (5 + 1)*(-2)/(-4). Suppose 2*j - 2 = i*t, 2*t + 21 = 3*t - 5*j. What is the tens digit of 56/(0/t - -1)?
5
Suppose 0*d + 17*d = 46104. What is the tens digit of d?
1
Let a(u) = -3*u - 66 + 57 + u. Let x(m) = m + 8. Let t(f) = -2*a(f) - 3*x(f). What is the units digit of t(17)?
1
What is the units digit of (46 - 1687)/(6/(-8))?
8
Let y be -5 - 0 - (0 - -1). Suppose -195 + 15 = 15*n. Let g = y - n. What is the units digit of g?
6
Suppose 521300 = -24*y + 124*y. What is the units digit of y?
3
Suppose -4604 = -4*m - 2*n, 4*m - 3*n - 4631 = -37. What is the tens digit of m/6 - (-26)/(-39)?
9
Let b be (-5)/(-1) + -2 + -2. Let a be -4 + ((-5)/b)/(-1). Suppose v - 1 = 2*k, -4*v + a = -3*v + 2*k. What is the units digit of v?
1
Let v = -35 - -485. Suppose 17*t - 20*t = -v. What is the hundreds digit of t?
1
Let c(j) be the first derivative of -j**3/3 + 5*j**2 - 6. Let l be 12/(-2)*(-12)/8. What is the units digit of c(l)?
9
Suppose 10*y - 4388 - 8002 = 0. What is the tens digit of y?
3
Let h(z) = -z**2 + 8*z + 9. Suppose 5*r - r - 28 = 0. Let c be h(r). Suppose c = -4*k, k - 127 = -5*u + 4*k. What is the units digit of u?
3
Suppose u = 7*u - 3*u. What is the tens digit of 602*(-2)/(-4 - u)?
0
Let q be 94/8 + 9/(-12). Let m = 11 - q. Suppose -4*k + 2*f = -48, -k - 4*k - 4*f + 34 = m. What is the units digit of k?
0
Let c(z) = 190*z**3 - 11*z + 3. What is the thousands digit of c(2)?
1
Let l(d) = 2*d - 14. Let p be l(8). Suppose -6 = -p*v + 2. What is the units digit of (-336)/14*(-3)/v?
8
Let s(v) be the first derivative of -17*v**2 + 7*v + 3. What is the units digit of s(-2)?
5
Suppose 0*r - 6 = -3*r. Let l(d) = 3 + 7 - 7*d - d**r - 2*d. What is the tens digit of l(-8)?
1
Suppose -2*y - 72 = 3*f + f, -f = 2*y + 18. Let l = 31 + f. Suppose -49 = -4*i + t, 6*t = -3*i + 2*t + l. What is the tens digit of i?
1
Suppose 5*c - 29 = -0*x + 2*x, 0 = -2*c - 4*x + 2. Let h(m) = m - 1. Let s be h(c). Suppose -t = -s*t + 45. What is the tens digit of t?
1
Suppose 5*r - 6*r + 19 = 0. Suppose -137 - r = -3*n. What is the units digit of n?
2
Suppose -d = -5*w - 7 + 2, 4*d = 4*w + 20. Suppose 9 = d*p - 4*p. Suppose 0*o = 3*o - p. What is the units digit of o?
3
Suppose -3*z - 5*o + 9005 = 0, 126*z - 128*z + 5*o + 5970 = 0. What is the tens digit of z?
9
What is the tens digit of (-54)/(2 + (-76)/37)?
9
Suppose 7120 = 5*v + s, 5*v = -3*s + 5550 + 1570. What is the tens digit of v?
2
Let i = -111 + 500. What is the units digit of i?
9
Suppose -2*p - 3*p = 3*w - 9759, -3*w + 9 = 0. What is the tens digit of p?
5
Let f be 2/(-6) + 36/27. What is the tens digit of -24*(-2 + f) - -4?
2
Suppose 4*k + 2*x = 2*k - 106, -3*k + 4*x = 194. Let v = k + 131. Let d = v + -47. What is the tens digit of d?
2
Let h = 12 + -2. Suppose -10*w + 9*w + 6 = 0. Suppose -v + 0 = -z - w, -5*v - 5*z = -h. What is the units digit of v?
4
Let j = 108 + -179. Let w = 14 - j. Suppose 4*k = 3*k - f + 29, 0 = -3*k - 4*f + w. What is the units digit of k?
1
Suppose 5*v - 8 - 2 = 0, 2*b - 106 = v. Suppose 0 = 4*p - b - 118. What is the tens digit of p?
4
What is the hundreds digit of ((-991)/5)/(-20 + 1584/80)?
9
Suppose -3*x + 2412 = 4*t - 0*t, 2*x = 0. What is the units digit of t?
3
Suppose -1773 = -11*u + 2*u. Let i = u + -99. What is the units digit of i?
8
Suppose 5*u = 721 + 934. What is the tens digit of u?
3
Suppose -5*l = -s + 6*s - 45, -l + 4*s - 16 = 0. Let r be 27/12 + (-1)/l. Suppose -2*v + 3*q + 9 = 0, r*v - 24 = -3*q + 15. What is the units digit of v?
2
Let r(x) = x**3 - 14*x**2 + 2*x + 12. What is the hundreds digit of r(16)?
5
Let l be 2 + 6 + 0 + -4. Suppose -l*t = -3*t - 110. What is the tens digit of t?
1
Let j = -282 - -694. What is the units digit of j?
2
Let g(z) = -z**2 + 8*z - 12. Let j be g(5). Let h be 208 - (j + (0 - 4)). Let x = h - 142. What is the units digit of x?
7
Let i be ((-6)/9)/((-3)/207). Let r = i + -81. What is the units digit of 16/28 + (-2535)/r?
3
Let v = -3 + 5. Suppose -y = -5*r + 1, r = -v*y - 2*y - 4. What is the tens digit of (-2 + r)/2*-13?
1
Let w(g) = -g**2 + 19*g - 29. Let m be w(17). Suppose -1 = j + s, 0 = -m*j + 3*j - 5*s - 17. What is the units digit of j?
4
Let s(n) = -2 + 16*n - 1 + 0. Let m be 1/((-7)/(-10 + 3)). What is the units digit of s(m)?
3
Suppose 0 = -3*a - 17 + 32. Suppose a*k - 314 = 2*v, 4*k - 246 = -2*v + v. What is the tens digit of k?
6
Let f(j) = 10*j**2 + 11*j + 15. Let u be f(-6). Let w = u - 200. What is the tens digit of w?
0
Let f(x) = -26*x - 2. Let y be f(-1). What is the tens digit of ((-15)/(-6) - 0)*y?
6
Let s = 120 + -118. Suppose 0 = 11*o + s*o - 2041. What is the hundreds digit of o?
1
Suppose -5*w - 15850 = -5*g, 2*g + 3*w = -2565 + 8900. What is the tens digit of g?
6
Suppose 3*s = -2*q - 18, 4*q + s - 8 = 6*s. What is the units digit of (-5)/(80/(-1764)) + q/12?
0
Suppose 0 = -3*w + 28 - 7. Suppose 0 = 6*d - w*d + 18. What is the tens digit of d?
1
Let h(v) = 14*v**2 - 41*v + 251. What is the units digit of h(15)?
6
Let b = 2783 - 1443. What is the hundreds digit of b?
3
Suppose 4*t - i = 3028, i = 4*t + 6*i - 3004. What is the units digit of t?
6
Let v be 4/6 + (-182)/21. Let p be v/3*(-21)/14. Suppose 0 = -3*a + p + 77. What is the units digit of a?
7
Let m = 1 + 4. Suppose 0 = -3*o - m*y - 17, 0 = 3*o - 5*y + 1 + 6. What is the tens digit of o/18 + (-508)/(-18)?
2
Suppose 3*g - 3208 = -2*n + 1349, 3*g + 4*n - 4557 = 0. What is the tens digit of g?
1
Let w = 123 + -74. Suppose -w = -2*o - f, 2*o - 16 = f + 27. What is the tens digit of o?
2
Let y(q) = 3*q**2 - 5*q + 1. Let r be y(2). Suppose r = 3*b - 2*b. Suppose -90 = -b*m + 18. What is the units dig